{"id":1827,"date":"2025-06-04T20:28:21","date_gmt":"2025-06-04T19:28:21","guid":{"rendered":"https:\/\/autisme-professionnels-tunisie.tn\/?post_type=listing&#038;p=1827"},"modified":"2025-06-04T20:38:19","modified_gmt":"2025-06-04T19:38:19","slug":"cabinet-dorthophoniste-aouididi-chedi","status":"publish","type":"listing","link":"https:\/\/autisme-professionnels-tunisie.tn\/ar\/liste\/cabinet-dorthophoniste-aouididi-chedi\/","title":{"rendered":"Cabinet d\u2019orthophoniste Aouididi chedi"},"content":{"rendered":"","protected":false},"author":124,"featured_media":1828,"comment_status":"open","ping_status":"closed","template":"","listing-category":[1224,12],"list-tags":[],"location":[1203],"class_list":["post-1827","listing","type-listing","status-publish","has-post-thumbnail","hentry","listing-category-orthophoniste","listing-category-professionnels","location-jendouba"],"yoast_head":"<!-- This site is optimized with the Yoast SEO plugin v27.4 - https:\/\/yoast.com\/product\/yoast-seo-wordpress\/ -->\n<title>Cabinet d\u2019orthophoniste Aouididi chedi - Autisme Professionnels Tunisie<\/title>\n<meta name=\"robots\" content=\"index, follow, max-snippet:-1, max-image-preview:large, max-video-preview:-1\" \/>\n<link rel=\"canonical\" href=\"https:\/\/autisme-professionnels-tunisie.tn\/ar\/liste\/cabinet-dorthophoniste-aouididi-chedi\/\" \/>\n<meta property=\"og:locale\" content=\"ar_AR\" \/>\n<meta property=\"og:type\" content=\"article\" \/>\n<meta property=\"og:title\" content=\"Cabinet d\u2019orthophoniste Aouididi chedi - Autisme Professionnels Tunisie\" \/>\n<meta property=\"og:url\" content=\"https:\/\/autisme-professionnels-tunisie.tn\/ar\/liste\/cabinet-dorthophoniste-aouididi-chedi\/\" \/>\n<meta property=\"og:site_name\" content=\"Autisme Professionnels Tunisie\" \/>\n<meta property=\"article:modified_time\" content=\"2025-06-04T19:38:19+00:00\" \/>\n<meta property=\"og:image\" content=\"https:\/\/autisme-professionnels-tunisie.tn\/wp-content\/uploads\/2025\/05\/att.MkhxlyTNEfz1JbofX3nEzUGZSmm56BOlKfRw9EkIFpk.jpeg\" \/>\n\t<meta property=\"og:image:width\" content=\"176\" \/>\n\t<meta property=\"og:image:height\" content=\"188\" \/>\n\t<meta property=\"og:image:type\" content=\"image\/jpeg\" \/>\n<meta name=\"twitter:card\" content=\"summary_large_image\" \/>\n<meta name=\"twitter:label1\" content=\"\u0648\u0642\u062a \u0627\u0644\u0642\u0631\u0627\u0621\u0629 \u0627\u0644\u0645\u064f\u0642\u062f\u0651\u0631\" \/>\n\t<meta name=\"twitter:data1\" content=\"\u062f\u0642\u064a\u0642\u0629 \u0648\u0627\u062d\u062f\u0629\" \/>\n<script type=\"application\/ld+json\" class=\"yoast-schema-graph\">{\"@context\":\"https:\\\/\\\/schema.org\",\"@graph\":[{\"@type\":\"WebPage\",\"@id\":\"https:\\\/\\\/autisme-professionnels-tunisie.tn\\\/liste\\\/cabinet-dorthophoniste-aouididi-chedi\\\/\",\"url\":\"https:\\\/\\\/autisme-professionnels-tunisie.tn\\\/liste\\\/cabinet-dorthophoniste-aouididi-chedi\\\/\",\"name\":\"Cabinet d\u2019orthophoniste Aouididi chedi - Autisme Professionnels Tunisie\",\"isPartOf\":{\"@id\":\"https:\\\/\\\/autisme-professionnels-tunisie.tn\\\/#website\"},\"primaryImageOfPage\":{\"@id\":\"https:\\\/\\\/autisme-professionnels-tunisie.tn\\\/liste\\\/cabinet-dorthophoniste-aouididi-chedi\\\/#primaryimage\"},\"image\":{\"@id\":\"https:\\\/\\\/autisme-professionnels-tunisie.tn\\\/liste\\\/cabinet-dorthophoniste-aouididi-chedi\\\/#primaryimage\"},\"thumbnailUrl\":\"https:\\\/\\\/autisme-professionnels-tunisie.tn\\\/wp-content\\\/uploads\\\/2025\\\/05\\\/att.MkhxlyTNEfz1JbofX3nEzUGZSmm56BOlKfRw9EkIFpk.jpeg\",\"datePublished\":\"2025-06-04T19:28:21+00:00\",\"dateModified\":\"2025-06-04T19:38:19+00:00\",\"breadcrumb\":{\"@id\":\"https:\\\/\\\/autisme-professionnels-tunisie.tn\\\/liste\\\/cabinet-dorthophoniste-aouididi-chedi\\\/#breadcrumb\"},\"inLanguage\":\"ar\",\"potentialAction\":[{\"@type\":\"ReadAction\",\"target\":[\"https:\\\/\\\/autisme-professionnels-tunisie.tn\\\/liste\\\/cabinet-dorthophoniste-aouididi-chedi\\\/\"]}]},{\"@type\":\"ImageObject\",\"inLanguage\":\"ar\",\"@id\":\"https:\\\/\\\/autisme-professionnels-tunisie.tn\\\/liste\\\/cabinet-dorthophoniste-aouididi-chedi\\\/#primaryimage\",\"url\":\"https:\\\/\\\/autisme-professionnels-tunisie.tn\\\/wp-content\\\/uploads\\\/2025\\\/05\\\/att.MkhxlyTNEfz1JbofX3nEzUGZSmm56BOlKfRw9EkIFpk.jpeg\",\"contentUrl\":\"https:\\\/\\\/autisme-professionnels-tunisie.tn\\\/wp-content\\\/uploads\\\/2025\\\/05\\\/att.MkhxlyTNEfz1JbofX3nEzUGZSmm56BOlKfRw9EkIFpk.jpeg\",\"width\":176,\"height\":188},{\"@type\":\"BreadcrumbList\",\"@id\":\"https:\\\/\\\/autisme-professionnels-tunisie.tn\\\/liste\\\/cabinet-dorthophoniste-aouididi-chedi\\\/#breadcrumb\",\"itemListElement\":[{\"@type\":\"ListItem\",\"position\":1,\"name\":\"Home\",\"item\":\"https:\\\/\\\/autisme-professionnels-tunisie.tn\\\/\"},{\"@type\":\"ListItem\",\"position\":2,\"name\":\"Cabinet d\u2019orthophoniste Aouididi chedi\"}]},{\"@type\":\"WebSite\",\"@id\":\"https:\\\/\\\/autisme-professionnels-tunisie.tn\\\/#website\",\"url\":\"https:\\\/\\\/autisme-professionnels-tunisie.tn\\\/\",\"name\":\"Autisme Professionnels Tunisie\",\"description\":\"Annuaire des professionnels en Tunisie\",\"publisher\":{\"@id\":\"https:\\\/\\\/autisme-professionnels-tunisie.tn\\\/#organization\"},\"alternateName\":\"Annuaire tunisie pour l'autisme est un espace d'information et d'orientation d\u00e9di\u00e9 aux personnes avec autisme et \u00e0 leurs familles.\",\"potentialAction\":[{\"@type\":\"SearchAction\",\"target\":{\"@type\":\"EntryPoint\",\"urlTemplate\":\"https:\\\/\\\/autisme-professionnels-tunisie.tn\\\/?s={search_term_string}\"},\"query-input\":{\"@type\":\"PropertyValueSpecification\",\"valueRequired\":true,\"valueName\":\"search_term_string\"}}],\"inLanguage\":\"ar\"},{\"@type\":\"Organization\",\"@id\":\"https:\\\/\\\/autisme-professionnels-tunisie.tn\\\/#organization\",\"name\":\"Autisme Professionnels Tunisie\",\"alternateName\":\"Annuaire tunisie pour l'autisme est un espace d'information et d'orientation d\u00e9di\u00e9 aux personnes avec autisme et \u00e0 leurs familles.\",\"url\":\"https:\\\/\\\/autisme-professionnels-tunisie.tn\\\/\",\"logo\":{\"@type\":\"ImageObject\",\"inLanguage\":\"ar\",\"@id\":\"https:\\\/\\\/autisme-professionnels-tunisie.tn\\\/#\\\/schema\\\/logo\\\/image\\\/\",\"url\":\"https:\\\/\\\/autisme-professionnels-tunisie.tn\\\/wp-content\\\/uploads\\\/2022\\\/08\\\/cropped-Logo-2-icon-e1659888209777.png\",\"contentUrl\":\"https:\\\/\\\/autisme-professionnels-tunisie.tn\\\/wp-content\\\/uploads\\\/2022\\\/08\\\/cropped-Logo-2-icon-e1659888209777.png\",\"width\":128,\"height\":128,\"caption\":\"Autisme Professionnels Tunisie\"},\"image\":{\"@id\":\"https:\\\/\\\/autisme-professionnels-tunisie.tn\\\/#\\\/schema\\\/logo\\\/image\\\/\"}}]}<\/script>\n<!-- \/ Yoast SEO plugin. -->","yoast_head_json":{"title":"Cabinet d\u2019orthophoniste Aouididi chedi - Autisme Professionnels Tunisie","robots":{"index":"index","follow":"follow","max-snippet":"max-snippet:-1","max-image-preview":"max-image-preview:large","max-video-preview":"max-video-preview:-1"},"canonical":"https:\/\/autisme-professionnels-tunisie.tn\/ar\/liste\/cabinet-dorthophoniste-aouididi-chedi\/","og_locale":"ar_AR","og_type":"article","og_title":"Cabinet d\u2019orthophoniste Aouididi chedi - Autisme Professionnels Tunisie","og_url":"https:\/\/autisme-professionnels-tunisie.tn\/ar\/liste\/cabinet-dorthophoniste-aouididi-chedi\/","og_site_name":"Autisme Professionnels Tunisie","article_modified_time":"2025-06-04T19:38:19+00:00","og_image":[{"width":176,"height":188,"url":"https:\/\/autisme-professionnels-tunisie.tn\/wp-content\/uploads\/2025\/05\/att.MkhxlyTNEfz1JbofX3nEzUGZSmm56BOlKfRw9EkIFpk.jpeg","type":"image\/jpeg"}],"twitter_card":"summary_large_image","twitter_misc":{"\u0648\u0642\u062a \u0627\u0644\u0642\u0631\u0627\u0621\u0629 \u0627\u0644\u0645\u064f\u0642\u062f\u0651\u0631":"\u062f\u0642\u064a\u0642\u0629 \u0648\u0627\u062d\u062f\u0629"},"schema":{"@context":"https:\/\/schema.org","@graph":[{"@type":"WebPage","@id":"https:\/\/autisme-professionnels-tunisie.tn\/liste\/cabinet-dorthophoniste-aouididi-chedi\/","url":"https:\/\/autisme-professionnels-tunisie.tn\/liste\/cabinet-dorthophoniste-aouididi-chedi\/","name":"Cabinet d\u2019orthophoniste Aouididi chedi - Autisme Professionnels Tunisie","isPartOf":{"@id":"https:\/\/autisme-professionnels-tunisie.tn\/#website"},"primaryImageOfPage":{"@id":"https:\/\/autisme-professionnels-tunisie.tn\/liste\/cabinet-dorthophoniste-aouididi-chedi\/#primaryimage"},"image":{"@id":"https:\/\/autisme-professionnels-tunisie.tn\/liste\/cabinet-dorthophoniste-aouididi-chedi\/#primaryimage"},"thumbnailUrl":"https:\/\/autisme-professionnels-tunisie.tn\/wp-content\/uploads\/2025\/05\/att.MkhxlyTNEfz1JbofX3nEzUGZSmm56BOlKfRw9EkIFpk.jpeg","datePublished":"2025-06-04T19:28:21+00:00","dateModified":"2025-06-04T19:38:19+00:00","breadcrumb":{"@id":"https:\/\/autisme-professionnels-tunisie.tn\/liste\/cabinet-dorthophoniste-aouididi-chedi\/#breadcrumb"},"inLanguage":"ar","potentialAction":[{"@type":"ReadAction","target":["https:\/\/autisme-professionnels-tunisie.tn\/liste\/cabinet-dorthophoniste-aouididi-chedi\/"]}]},{"@type":"ImageObject","inLanguage":"ar","@id":"https:\/\/autisme-professionnels-tunisie.tn\/liste\/cabinet-dorthophoniste-aouididi-chedi\/#primaryimage","url":"https:\/\/autisme-professionnels-tunisie.tn\/wp-content\/uploads\/2025\/05\/att.MkhxlyTNEfz1JbofX3nEzUGZSmm56BOlKfRw9EkIFpk.jpeg","contentUrl":"https:\/\/autisme-professionnels-tunisie.tn\/wp-content\/uploads\/2025\/05\/att.MkhxlyTNEfz1JbofX3nEzUGZSmm56BOlKfRw9EkIFpk.jpeg","width":176,"height":188},{"@type":"BreadcrumbList","@id":"https:\/\/autisme-professionnels-tunisie.tn\/liste\/cabinet-dorthophoniste-aouididi-chedi\/#breadcrumb","itemListElement":[{"@type":"ListItem","position":1,"name":"Home","item":"https:\/\/autisme-professionnels-tunisie.tn\/"},{"@type":"ListItem","position":2,"name":"Cabinet d\u2019orthophoniste Aouididi chedi"}]},{"@type":"WebSite","@id":"https:\/\/autisme-professionnels-tunisie.tn\/#website","url":"https:\/\/autisme-professionnels-tunisie.tn\/","name":"Autisme Professionnels Tunisie","description":"Annuaire des professionnels en Tunisie","publisher":{"@id":"https:\/\/autisme-professionnels-tunisie.tn\/#organization"},"alternateName":"Annuaire tunisie pour l'autisme est un espace d'information et d'orientation d\u00e9di\u00e9 aux personnes avec autisme et \u00e0 leurs familles.","potentialAction":[{"@type":"SearchAction","target":{"@type":"EntryPoint","urlTemplate":"https:\/\/autisme-professionnels-tunisie.tn\/?s={search_term_string}"},"query-input":{"@type":"PropertyValueSpecification","valueRequired":true,"valueName":"search_term_string"}}],"inLanguage":"ar"},{"@type":"Organization","@id":"https:\/\/autisme-professionnels-tunisie.tn\/#organization","name":"Autisme Professionnels Tunisie","alternateName":"Annuaire tunisie pour l'autisme est un espace d'information et d'orientation d\u00e9di\u00e9 aux personnes avec autisme et \u00e0 leurs familles.","url":"https:\/\/autisme-professionnels-tunisie.tn\/","logo":{"@type":"ImageObject","inLanguage":"ar","@id":"https:\/\/autisme-professionnels-tunisie.tn\/#\/schema\/logo\/image\/","url":"https:\/\/autisme-professionnels-tunisie.tn\/wp-content\/uploads\/2022\/08\/cropped-Logo-2-icon-e1659888209777.png","contentUrl":"https:\/\/autisme-professionnels-tunisie.tn\/wp-content\/uploads\/2022\/08\/cropped-Logo-2-icon-e1659888209777.png","width":128,"height":128,"caption":"Autisme Professionnels Tunisie"},"image":{"@id":"https:\/\/autisme-professionnels-tunisie.tn\/#\/schema\/logo\/image\/"}}]}},"_links":{"self":[{"href":"https:\/\/autisme-professionnels-tunisie.tn\/ar\/wp-json\/wp\/v2\/listing\/1827","targetHints":{"allow":["GET"]}}],"collection":[{"href":"https:\/\/autisme-professionnels-tunisie.tn\/ar\/wp-json\/wp\/v2\/listing"}],"about":[{"href":"https:\/\/autisme-professionnels-tunisie.tn\/ar\/wp-json\/wp\/v2\/types\/listing"}],"author":[{"embeddable":true,"href":"https:\/\/autisme-professionnels-tunisie.tn\/ar\/wp-json\/wp\/v2\/users\/124"}],"replies":[{"embeddable":true,"href":"https:\/\/autisme-professionnels-tunisie.tn\/ar\/wp-json\/wp\/v2\/comments?post=1827"}],"wp:featuredmedia":[{"embeddable":true,"href":"https:\/\/autisme-professionnels-tunisie.tn\/ar\/wp-json\/wp\/v2\/media\/1828"}],"wp:attachment":[{"href":"https:\/\/autisme-professionnels-tunisie.tn\/ar\/wp-json\/wp\/v2\/media?parent=1827"}],"wp:term":[{"taxonomy":"listing-category","embeddable":true,"href":"https:\/\/autisme-professionnels-tunisie.tn\/ar\/wp-json\/wp\/v2\/listing-category?post=1827"},{"taxonomy":"list-tags","embeddable":true,"href":"https:\/\/autisme-professionnels-tunisie.tn\/ar\/wp-json\/wp\/v2\/list-tags?post=1827"},{"taxonomy":"location","embeddable":true,"href":"https:\/\/autisme-professionnels-tunisie.tn\/ar\/wp-json\/wp\/v2\/location?post=1827"}],"curies":[{"name":"wp","href":"https:\/\/api.w.org\/{rel}","templated":true}]}}

<!-- This site is optimized with the Yoast SEO plugin v27.4 - https://yoast.com/product/yoast-seo-wordpress/ -->
<title>Cabinet d’orthophoniste Aouididi chedi - Autisme Professionnels Tunisie</title>
<meta name="robots" content="index, follow, max-snippet:-1, max-image-preview:large, max-video-preview:-1" />
<link rel="canonical" href="https://autisme-professionnels-tunisie.tn/ar/liste/cabinet-dorthophoniste-aouididi-chedi/" />
<meta property="og:locale" content="ar_AR" />
<meta property="og:type" content="article" />
<meta property="og:title" content="Cabinet d’orthophoniste Aouididi chedi - Autisme Professionnels Tunisie" />
<meta property="og:url" content="https://autisme-professionnels-tunisie.tn/ar/liste/cabinet-dorthophoniste-aouididi-chedi/" />
<meta property="og:site_name" content="Autisme Professionnels Tunisie" />
<meta property="article:modified_time" content="2025-06-04T19:38:19+00:00" />
<meta property="og:image" content="https://autisme-professionnels-tunisie.tn/wp-content/uploads/2025/05/att.MkhxlyTNEfz1JbofX3nEzUGZSmm56BOlKfRw9EkIFpk.jpeg" />
	<meta property="og:image:width" content="176" />
	<meta property="og:image:height" content="188" />
	<meta property="og:image:type" content="image/jpeg" />
<meta name="twitter:card" content="summary_large_image" />
<meta name="twitter:label1" content="وقت القراءة المُقدّر" />
	<meta name="twitter:data1" content="دقيقة واحدة" />
<script type="application/ld+json" class="yoast-schema-graph">{"@context":"https:\/\/schema.org","@graph":[{"@type":"WebPage","@id":"https:\/\/autisme-professionnels-tunisie.tn\/liste\/cabinet-dorthophoniste-aouididi-chedi\/","url":"https:\/\/autisme-professionnels-tunisie.tn\/liste\/cabinet-dorthophoniste-aouididi-chedi\/","name":"Cabinet d’orthophoniste Aouididi chedi - Autisme Professionnels Tunisie","isPartOf":{"@id":"https:\/\/autisme-professionnels-tunisie.tn\/#website"},"primaryImageOfPage":{"@id":"https:\/\/autisme-professionnels-tunisie.tn\/liste\/cabinet-dorthophoniste-aouididi-chedi\/#primaryimage"},"image":{"@id":"https:\/\/autisme-professionnels-tunisie.tn\/liste\/cabinet-dorthophoniste-aouididi-chedi\/#primaryimage"},"thumbnailUrl":"https:\/\/autisme-professionnels-tunisie.tn\/wp-content\/uploads\/2025\/05\/att.MkhxlyTNEfz1JbofX3nEzUGZSmm56BOlKfRw9EkIFpk.jpeg","datePublished":"2025-06-04T19:28:21+00:00","dateModified":"2025-06-04T19:38:19+00:00","breadcrumb":{"@id":"https:\/\/autisme-professionnels-tunisie.tn\/liste\/cabinet-dorthophoniste-aouididi-chedi\/#breadcrumb"},"inLanguage":"ar","potentialAction":[{"@type":"ReadAction","target":["https:\/\/autisme-professionnels-tunisie.tn\/liste\/cabinet-dorthophoniste-aouididi-chedi\/"]}]},{"@type":"ImageObject","inLanguage":"ar","@id":"https:\/\/autisme-professionnels-tunisie.tn\/liste\/cabinet-dorthophoniste-aouididi-chedi\/#primaryimage","url":"https:\/\/autisme-professionnels-tunisie.tn\/wp-content\/uploads\/2025\/05\/att.MkhxlyTNEfz1JbofX3nEzUGZSmm56BOlKfRw9EkIFpk.jpeg","contentUrl":"https:\/\/autisme-professionnels-tunisie.tn\/wp-content\/uploads\/2025\/05\/att.MkhxlyTNEfz1JbofX3nEzUGZSmm56BOlKfRw9EkIFpk.jpeg","width":176,"height":188},{"@type":"BreadcrumbList","@id":"https:\/\/autisme-professionnels-tunisie.tn\/liste\/cabinet-dorthophoniste-aouididi-chedi\/#breadcrumb","itemListElement":[{"@type":"ListItem","position":1,"name":"Home","item":"https:\/\/autisme-professionnels-tunisie.tn\/"},{"@type":"ListItem","position":2,"name":"Cabinet d’orthophoniste Aouididi chedi"}]},{"@type":"WebSite","@id":"https:\/\/autisme-professionnels-tunisie.tn\/#website","url":"https:\/\/autisme-professionnels-tunisie.tn\/","name":"Autisme Professionnels Tunisie","description":"Annuaire des professionnels en Tunisie","publisher":{"@id":"https:\/\/autisme-professionnels-tunisie.tn\/#organization"},"alternateName":"Annuaire tunisie pour l'autisme est un espace d'information et d'orientation dédié aux personnes avec autisme et à leurs familles.","potentialAction":[{"@type":"SearchAction","target":{"@type":"EntryPoint","urlTemplate":"https:\/\/autisme-professionnels-tunisie.tn\/?s={search_term_string}"},"query-input":{"@type":"PropertyValueSpecification","valueRequired":true,"valueName":"search_term_string"}}],"inLanguage":"ar"},{"@type":"Organization","@id":"https:\/\/autisme-professionnels-tunisie.tn\/#organization","name":"Autisme Professionnels Tunisie","alternateName":"Annuaire tunisie pour l'autisme est un espace d'information et d'orientation dédié aux personnes avec autisme et à leurs familles.","url":"https:\/\/autisme-professionnels-tunisie.tn\/","logo":{"@type":"ImageObject","inLanguage":"ar","@id":"https:\/\/autisme-professionnels-tunisie.tn\/#\/schema\/logo\/image\/","url":"https:\/\/autisme-professionnels-tunisie.tn\/wp-content\/uploads\/2022\/08\/cropped-Logo-2-icon-e1659888209777.png","contentUrl":"https:\/\/autisme-professionnels-tunisie.tn\/wp-content\/uploads\/2022\/08\/cropped-Logo-2-icon-e1659888209777.png","width":128,"height":128,"caption":"Autisme Professionnels Tunisie"},"image":{"@id":"https:\/\/autisme-professionnels-tunisie.tn\/#\/schema\/logo\/image\/"}}]}</script>
<!-- / Yoast SEO plugin. -->

دقيقة واحدة

Annuaire tunisie pour l'autisme est un espace d'information et d'orientation dédié aux personnes avec autisme et à leurs familles.
